2063*d - 8245. Calculate n(-4).
7
Let j(r) = -r**2 - 443*r + 7826. What is j(17)?
6
Let t(o) = 18*o**2 + 198*o + 207. Determine t(-10).
27
Let t(u) = -3*u**3 - 40*u**2 - 89*u + 44. Calculate t(-10).
-66
Let d(k) = -k**2 + 32*k + 159. Determine d(37).
-26
Let i(u) = -u**3 + 12*u**2 + 47*u + 24. Calculate i(15).
54
Let k(q) = -q**3 + 5*q**2 + 123*q - 18. What is k(-9)?
9
Let p(y) = y**3 + 11*y**2 + 4*y + 28. Give p(-11).
-16
Let a(g) = -g**3 + 23*g**2 + 37*g + 37. Determine a(25).
-288
Let i(u) = 15*u - 947. What is i(64)?
13
Let o(d) = -d**3 + 27*d**2 - 55*d + 5. Determine o(25).
-120
Let c(i) = 15*i**2 - 435*i + 8. Determine c(29).
8
Let w(p) = 9*p**2 + 17*p - 18. What is w(-4)?
58
Let o(t) = 6*t**2 + 45*t - 1. What is o(-7)?
-22
Let u(o) = -55*o + 374. Give u(12).
-286
Let x(l) = 2*l**3 - 103*l**2 + 47*l + 210. Determine x(51).
6
Let n(i) = -845*i**2 + 3*i + 5. What is n(-1)?
-843
Let r(x) = 21*x - 583. Determine r(25).
-58
Let i(u) = -34*u - 556. What is i(-17)?
22
Let u(y) = -39*y - 3164. Calculate u(-81).
-5
Let l(w) = 3*w**2 - 19*w + 2. What is l(7)?
16
Let n(k) = -81*k + 774. Determine n(22).
-1008
Let b(v) = -v**3 + 51*v**2 - 68*v + 901. Calculate b(50).
1
Let j(v) = 7042*v - 42254. What is j(6)?
-2
Let q(g) = -3*g**2 + 16*g - 27. Calculate q(10).
-167
Let b(n) = -n**2 - 79*n + 1353. What is b(15)?
-57
Let s(p) = -p**3 + 32*p**2 + 1509*p - 64. Calculate s(58).
-6
Let u(i) = -i**3 + i**2 - 36*i + 36. Give u(1).
0
Let l(c) = 72*c - 387. Determine l(9).
261
Let k(g) = -2*g**2 - 10*g + 45. What is k(-15)?
-255
Let q(v) = -19*v - 434. What is q(-25)?
41
Let g(p) = 2*p**2 - 11*p - 1097. Determine g(-21).
16
Let k(v) = 37*v + 345. Determine k(-9).
12
Let w(m) = -95*m + 121. What is w(5)?
-354
Let r(f) = 4*f**3 - 11*f**2 + 15*f - 27. What is r(6)?
531
Let m(i) = -i**2 + 628*i - 3727. Determine m(6).
5
Let i(u) = 16*u**2 - 288*u + 277. Calculate i(17).
5
Let k(s) = 7*s**2 + 104*s + 3. Give k(-13).
-166
Let z(t) = t**3 - 4*t**2 - 88*t + 414. Determine z(5).
-1
Let g(b) = 1632*b - 11423. What is g(7)?
1
Let t(w) = -5*w**2 - 3*w - 20. What is t(12)?
-776
Let l(r) = 2*r**3 - 44*r**2 - 49*r - 77. Determine l(23).
-146
Let m(n) = -415*n + 2476. What is m(6)?
-14
Let p(s) = 77*s + 454. What is p(-6)?
-8
Let a(s) = -s**3 + 167*s**2 + 576*s - 11227. Determine a(170).
-7
Let o(k) = 63*k - 255. What is o(5)?
60
Let p(a) = 206*a + 1446. Give p(-7).
4
Let s(l) = -499*l - 443. Give s(-1).
56
Let g(d) = -5*d**2 + 105*d + 218. Calculate g(-2).
-12
Let m(u) = u**3 - 10*u**2 - 5*u - 6. What is m(9)?
-132
Let p(k) = -k**3 + 34*k**2 - 261*k - 30. What is p(13)?
126
Let h(p) = 20*p**2 - 15*p + 26. Calculate h(2).
76
Let z(d) = -d**3 - 8*d**2 - 54*d - 312. Calculate z(-7).
17
Let m(a) = 161*a + 376. What is m(-2)?
54
Let i(c) = -15*c + 506. Give i(24).
146
Let t(z) = 118*z - 4084. What is t(34)?
-72
Let q(n) = -n**2 - 14*n + 2653. Calculate q(-59).
-2
Let z(v) = 75*v - 83. Calculate z(3).
142
Let h(q) = 2*q - 34. Calculate h(28).
22
Let i(p) = 617*p**2 + 2*p + 4. Determine i(-1).
619
Let c(q) = -156*q - 9. What is c(-1)?
147
Let o(n) = 6*n**2 - n + 25. Calculate o(6).
235
Let i(h) = 2*h**2 + 318*h + 2985. Calculate i(-149).
5
Let n(o) = -2*o**3 - 3*o**2 + 13*o + 11. Give n(-4).
39
Let c(j) = -156*j - 2034. Calculate c(-13).
-6
Let s(q) = -q**2 + 39*q + 353. Determine s(46).
31
Let s(j) = 245*j + 3782. Give s(-16).
-138
Let f(l) = -l**3 - 87*l**2 - 50*l - 4343. What is f(-87)?
7
Let t(n) = 112*n - 3343. Calculate t(30).
17
Let z(t) = t**2 - 164*t - 1017. Calculate z(-6).
3
Let t(d) = -85*d + 141. What is t(0)?
141
Let f(o) = 72*o - 86. Calculate f(1).
-14
Let s(l) = 3880*l + 38808. Determine s(-10).
8
Let z(g) = -2*g**2 + 16*g + 2. Determine z(9).
-16
Let v(w) = 2*w**2 - 45*w + 141. Determine v(7).
-76
Let j(w) = -27*w + 2019. Calculate j(74).
21
Let t(s) = 43*s - 1655. What is t(38)?
-21
Let g(h) = h**3 + 52*h**2 + 102*h + 104. Determine g(-50).
4
Let q(d) = d**2 - 40*d + 74. Determine q(37).
-37
Let j(u) = -82*u - 2691. Determine j(-33).
15
Let l(f) = -103*f + 118. Calculate l(1).
15
Let s(c) = 67*c + 1395. Determine s(-21).
-12
Let z(q) = 4*q**3 + 11*q**2 + 14*q + 2. Calculate z(-1).
-5
Let m(w) = -78*w - 746. Calculate m(-10).
34
Let n(h) = -11*h + 4. Calculate n(4).
-40
Let h(q) = 3*q**2 + 17*q - 10. Determine h(-7).
18
Let o(a) = 3*a**3 - 3*a**2 - 5*a + 17. What is o(4)?
141
Let g(r) = -14*r - 92. Calculate g(-6).
-8
Let o(k) = k**3 + 6*k**2 - 670*k - 2033. Determine o(-3).
4
Let b(c) = -c**3 + 447*c**2 + 2254*c - 25. What is b(-5)?
5
Let n(v) = 2*v**3 - 34*v**2 - 9*v + 91. What is n(17)?
-62
Let t(l) = 5*l + 2. Give t(6).
32
Let b(i) = -i**2 - 128*i - 4025. Determine b(-72).
7
Let d(i) = i**2 - 2*i + 20. Calculate d(3).
23
Let o(u) = 4*u**3 - 3*u**2 + 92*u + 96. Calculate o(-1).
-3
Let v(y) = 176*y**3 - 2*y**2 - 6*y - 3. What is v(-1)?
-175
Let t(p) = 16*p**2 - 17*p + 4. What is t(3)?
97
Let k(u) = 14*u**3 - 14*u**2 + 6*u - 6. Calculate k(1).
0
Let l(b) = 91*b - 1864. Calculate l(20).
-44
Let m(w) = -775*w - 9181. Determine m(-12).
119
Let n(p) = 46*p**2 - 139*p + 25. Calculate n(3).
22
Let a(v) = v**2 - 24*v + 201. Determine a(25).
226
Let r(h) = 51*h + 2441. Give r(-48).
-7
Let m(i) = -38*i - 30. Give m(2).
-106
Let v(l) = 617*l - 3546. Give v(6).
156
Let c(z) = -z**3 + 100*z**2 + 303*z + 616. Determine c(103).
-2
Let d(w) = -153*w - 531. Determine d(-5).
234
Let z(q) = -49*q + 419. What is z(9)?
-22
Let x(o) = 4*o**3 - 38*o**2 - 39*o + 1. What is x(-1)?
-2
Let f(i) = 1932*i - 3757. Determine f(2).
107
Let s(k) = -4*k**2 - 922*k + 9616. Calculate s(10).
-4
Let l(v) = v**3 + 28*v**2 - 374*v - 605. Calculate l(11).
0
Let z(g) = -28*g**3 + 168*g**2 + 14*g - 84. Determine z(6).
0
Let l(c) = -c**3 - 201*c**2 - 1490*c + 10419. What is l(-193)?
-3
Let t(f) = -597*f + 18498. Determine t(31).
-9
Let q(w) = -w**2 + 70*w - 700. Calculate q(13).
41
Let z(v) = v**3 - 20*v**2 + 88*v - 196. Calculate z(15).
-1
Let b(z) = 1558*z - 3114. Calculate b(2).
2
Let q(i) = -21*i + 799. Give q(35).
64
Let h(t) = 10*t**2 + 117*t - 54. Determine h(-14).
268
Let g(o) = 9*o**3 + o + 1. Give g(-1).
-9
Let b(w) = 8*w**2 + 56*w - 16. Calculate b(-9).
128
Let f(m) = -5*m**3 + 77*m**2 + 51*m - 39. Calculate f(16).
9
Let n(p) = 5*p**2 - 365*p - 1943. Calculate n(-5).
7
Let t(i) = -4*i**2 - 129*i - 973. Give t(-20).
7
Let d(k) = -183*k - 2368. What is d(-13)?
11
Let f(o) = o**2 + 11*o - 709. Determine f(-33).
17
Let k(t) = -384*t**2 - 12*t + 13. Determine k(1).
-383
Let u(r) = -3*r**2 + 21*r - 196. Calculate u(11).
-328
Let c(d) = -29*d - 1168. Give c(-41).
21
Let t(b) = 231*b - 2133. Give t(9).
-54
Let b(a) = -43*a + 2226. Give b(52).
-10
Let k(h) = h**2 + 12*h - 748. Calculate k(0).
-748
Let h(w) = 660*w - 2062. Give h(3).
-82
Let q(i) = -i**3 + 47*i**2 - 44*i - 107. What is q(46)?
-15
Let v(l) = -l**2 + 1530*l + 6127. Calculate v(-4).
-9
Let w(y) = -15*y - 680. What is w(-60)?
220
Let q(b) = 5*b**3 + 31*b**2 + 39*b. Give q(-2).
6
Let t(k) = -13*k - 682. Calculate t(-58).
72
Let z(y) = 8*y**2 + 24*y + 81. Determine z(-4).
113
Let v(w) = -w**2 - 175*w - 2537. What is v(-16)?
7
Let c(k) = -31*k**3 + 3*k**2 - 6*k + 9. Give c(2).
-239
Let g(q) = -10*q - 266. What is g(-31)?
44
Let k(y) = 2*y**2 - 18*y + 39. Calculate k(3).
3
Let s(l) = -4*l**3 + 611*l**2 - 1056*l - 170. Calculate s(151).
-19
Let u(o) = 4*o**3 + 14*o**2 - 24*o + 8. What is u(1)?
2
Let o(d) = d**3 + 50*d**2 + 95*d - 90. Give o(-48).
-42
Let g(s) = 21*s - 362. What is g(12)?
-110
Let f(c) = c**3 + 10*c**2 - 119*c + 5. Determine f(7).
5
Let r(m) = -88*m + 223. What is r(1)?
135
Let i(d) = 9*d**2 - 2*d + 2. What is i(-1)?
13
Let o(c) = -1167*c - 32672. Calculate o(-28).
4
Let l(j) = j**2 + 105*j - 1403. Give l(12).
1
Let z(c) = -3*c**2 + 86*c - 615. Determine z(15).
0
Let u(i) = 15*i**3 + 2*i**2 + 9*i + 5. Calculate u(-2).
-125
Let g(z) = -z**3 + 7*z**2 + 15*z - 77. What is g(6)?
49
Let c(p) = -p**3 - 56*p**2 - 48*p + 464. Give c(-55).
79
Let l(v) = -20*v + 453. Calculate l(24).
-27
Let b(l) = -2*l**3 - 73*l**2 - 18*l + 685. Determine b(-36).
37
Let m(h) = -53*h - 310. Calculate m(-8).
114
Let a(c) = c**3 + 47*c**2 + 339*c - 113. What is a(-38)?
1
Let h(g) = -3*g**3 + 9*g**2 + 11*g + 23. What is h(5)?
-72
Let y(a) = 7*a**2 + 32*a